{"id":418,"date":"2021-10-13T09:26:59","date_gmt":"2021-10-13T07:26:59","guid":{"rendered":"https:\/\/www.bo-gyo-bremen.de\/?page_id=418"},"modified":"2021-11-05T18:16:24","modified_gmt":"2021-11-05T17:16:24","slug":"angebote-fuer-schueler-innen","status":"publish","type":"page","link":"https:\/\/www.bo-gyo-bremen.de\/index.php\/angebote-fuer-schueler-innen\/","title":{"rendered":"Angebote aus der Praxis"},"content":{"rendered":"\n<h3 class=\"wp-block-heading\">Praxisphasen-Unternehmensworkshops f\u00fcr Sch\u00fcler*innen<\/h3>\n\n\n\n<p><strong>Zielgruppe:&nbsp;<\/strong>Interessierte Sch\u00fcler*innen der gymnasiale Oberstufe Sek II in Bremen\/ Bremerhaven<\/p>\n\n\n\n<p><strong>Zielsetzung:&nbsp;<\/strong>Praxis- und unternehmensbezogene Vermittlung von Inhalten und Methoden ZUR Beruflichen Orientierung \u2013 Vorstellung regionaler Unternehmen und ihrer Ausbildungsgebote<\/p>\n\n\n\n<p>Junge Menschen beim Einstieg ins Berufsleben unterst\u00fctzen, den Fachkr\u00e4ftenachwuchs der Wirtschaft sichern, Strukturen in der Beruflichen Orientierung und am \u00dcbergang Schule \u2013 Beruf optimieren \u2013 das sind Ziele der Initiative Bildungsketten.<\/p>\n\n\n\n<p>Viele Sch\u00fcler*innen konnten, k\u00f6nnen aktuell pandemiebedingt keine Pl\u00e4tze f\u00fcr die Praxisphasen finden und realit\u00e4tsnahe Praxiserfahrungen sammeln.<\/p>\n\n\n\n<p>Daher bietet das Bildungszentrum der Wirtschaft im Unterwesergebiet e.V. (BWU) in Kooperation mit ausgew\u00e4hlten Unternehmen, digitale oder analoge (in Abh\u00e4ngigkeit von Angebot und Gesundheitsschutz) Informationsworkshops \u201ePraxis erfahren\u201c f\u00fcr&nbsp;<strong>interessierte Sch\u00fcler*innen&nbsp;<\/strong>der gymnasialen Oberstufe an. Eine wissenschaftliche Begleitung erfolgt durch die Projektpartner: ITB und I\u00d6B. Grundlage ist ein Evaluationsdesign, das die Wirksamkeit der eingesetzten Ma\u00dfnahmen \u00fcber die Projektlaufzeit nachverfolgt<\/p>\n\n\n\n<p>Gemeinsam mit Ihnen m\u00f6chten wir \u201emachbare\u201c Veranstaltungsangebote entwickeln und Ihnen<\/p>\n\n\n\n<p>Im Rahmen Ihrer schulischen BO-Konzepte und BO-Aktivit\u00e4ten als Unterst\u00fctzungsangebote anbieten.<\/p>\n\n\n\n<p><strong>Hier finden Sie unsere Angebote, Informationen, Termine, Kontaktdaten und Anmeldungsm\u00f6glichkeiten<\/strong>:<\/p>\n\n\n\n<figure class=\"wp-block-embed is-type-wp-embed is-provider-bildungszentrum-der-wirtschaft-im-unterwesergebiet-e-v wp-block-embed-bildungszentrum-der-wirtschaft-im-unterwesergebiet-e-v\"><div class=\"wp-block-embed__wrapper\">\n<blockquote class=\"wp-embedded-content\" data-secret=\"OE7ePWrpUN\"><a href=\"https:\/\/bwu-bremen.net\/berufliche-orientierung-fuer-die-gymnasiale-oberstufe-bo-gyo\/\">Berufliche Orientierung f\u00fcr die Gymnasiale Oberstufe &#8211; BO GyO<\/a><\/blockquote><iframe loading=\"lazy\" class=\"wp-embedded-content\" sandbox=\"allow-scripts\" security=\"restricted\" style=\"position: absolute; clip: rect(1px, 1px, 1px, 1px);\" title=\"&#8222;Berufliche Orientierung f\u00fcr die Gymnasiale Oberstufe &#8211; BO GyO&#8220; &#8212; Bildungszentrum der Wirtschaft im Unterwesergebiet e.V.\" src=\"https:\/\/bwu-bremen.net\/berufliche-orientierung-fuer-die-gymnasiale-oberstufe-bo-gyo\/embed\/#?secret=OE7ePWrpUN\" data-secret=\"OE7ePWrpUN\" width=\"600\" height=\"338\" frameborder=\"0\" marginwidth=\"0\" marginheight=\"0\" scrolling=\"no\"><\/iframe>\n<\/div><\/figure>\n\n\n\n<p>Die Veranstaltung ist f\u00fcr Bremer\/ Bremerhavener Schulen mit gymnasialer Oberstufe, der Sek II, kostenfrei.<\/p>\n\n\n\n<p><strong>Fristen: Die Buchungen werden nach Eingang ber\u00fccksichtigt. Buchungsfrist sind 2 Tage vor dem jeweiligen Veranstaltungsbeginn.<\/strong><\/p>\n\n\n\n<p><strong>Datenschutz:\u00a0<\/strong>Der Schutz Ihrer personenbezogenen Daten ist uns ein wichtiges Anliegen. Es gelten die Datenschutzbestimmungen gem\u00e4\u00df der EU-Datenschutzgrundverordnung (DSGVO), dem Bundesdatenschutzgesetz (BDSG) und anderer gesetzlicher Regelungen (https:\/\/bwu-bremen.net\/bo-gyo\/Datenschutz). <\/p>\n\n\n\n<p>Nach Eingang einer Anmeldung f\u00fcr eine Veranstaltung per E-Mail, wird zun\u00e4chst der Eingang Ihrer Anmeldung per E-Mail best\u00e4tigt. Nachfolgend erhalten Sie umgehend eine schriftliche Anmeldebest\u00e4tigung.<\/p>\n\n\n\n<p>Anmeldedaten und weitere Informationen erhalten Sie zusammen mit der Buchungsbest\u00e4tigung.<\/p>\n\n\n\n<p><strong>Widerruf:<\/strong>&nbsp;Der Widerruf der Anmeldung muss schriftlich erfolgen. Eine Stornierung der Teilnahme an einer Veranstaltung ist bis 5 Tage vor dem jeweiligen Veranstaltungsbeginn<\/p>\n\n\n\n<p>Die Unternehmen behalten sich den Wechsel von Dozenten*innen und\/oder Verschiebungen bzw. \u00c4nderungen im Programmablauf vor. Muss eine Veranstaltung ausfallen werden Sie umgehend per E-Mail in Kenntnis gesetzt.<\/p>\n","protected":false},"excerpt":{"rendered":"<p>Praxisphasen-Unternehmensworkshops f\u00fcr Sch\u00fcler*innen Zielgruppe:&nbsp;Interessierte Sch\u00fcler*innen der gymnasiale Oberstufe Sek II in Bremen\/ Bremerhaven Zielsetzung:&nbsp;Praxis- und unternehmensbezogene Vermittlung von Inhalten und Methoden ZUR Beruflichen Orientierung \u2013 Vorstellung regionaler Unternehmen und ihrer Ausbildungsgebote Junge Menschen beim Einstieg ins Berufsleben unterst\u00fctzen, den Fachkr\u00e4ftenachwuchs der Wirtschaft sichern, Strukturen in der Beruflichen Orientierung und am \u00dcbergang Schule \u2013 Beruf optimieren<\/p><\/div>\n<div class=\"blog-btn\"><a href=\"https:\/\/www.bo-gyo-bremen.de\/index.php\/angebote-fuer-schueler-innen\/\" class=\"home-blog-btn\">Weiterlesen<\/a><\/p>\n","protected":false},"author":4,"featured_media":0,"parent":0,"menu_order":0,"comment_status":"closed","ping_status":"closed","template":"","meta":{"footnotes":""},"class_list":["post-418","page","type-page","status-publish","hentry"],"_links":{"self":[{"href":"https:\/\/www.bo-gyo-bremen.de\/index.php\/wp-json\/wp\/v2\/pages\/418","targetHints":{"allow":["GET"]}}],"collection":[{"href":"https:\/\/www.bo-gyo-bremen.de\/index.php\/wp-json\/wp\/v2\/pages"}],"about":[{"href":"https:\/\/www.bo-gyo-bremen.de\/index.php\/wp-json\/wp\/v2\/types\/page"}],"author":[{"embeddable":true,"href":"https:\/\/www.bo-gyo-bremen.de\/index.php\/wp-json\/wp\/v2\/users\/4"}],"replies":[{"embeddable":true,"href":"https:\/\/www.bo-gyo-bremen.de\/index.php\/wp-json\/wp\/v2\/comments?post=418"}],"version-history":[{"count":12,"href":"https:\/\/www.bo-gyo-bremen.de\/index.php\/wp-json\/wp\/v2\/pages\/418\/revisions"}],"predecessor-version":[{"id":441,"href":"https:\/\/www.bo-gyo-bremen.de\/index.php\/wp-json\/wp\/v2\/pages\/418\/revisions\/441"}],"wp:attachment":[{"href":"https:\/\/www.bo-gyo-bremen.de\/index.php\/wp-json\/wp\/v2\/media?parent=418"}],"curies":[{"name":"wp","href":"https:\/\/api.w.org\/{rel}","templated":true}]}}

<h3 class="wp-block-heading">Praxisphasen-Unternehmensworkshops für Schüler*innen</h3>



<p><strong>Zielgruppe:&nbsp;</strong>Interessierte Schüler*innen der gymnasiale Oberstufe Sek II in Bremen/ Bremerhaven</p>



<p><strong>Zielsetzung:&nbsp;</strong>Praxis- und unternehmensbezogene Vermittlung von Inhalten und Methoden ZUR Beruflichen Orientierung – Vorstellung regionaler Unternehmen und ihrer Ausbildungsgebote</p>



<p>Junge Menschen beim Einstieg ins Berufsleben unterstützen, den Fachkräftenachwuchs der Wirtschaft sichern, Strukturen in der Beruflichen Orientierung und am Übergang Schule – Beruf optimieren – das sind Ziele der Initiative Bildungsketten.</p>



<p>Viele Schüler*innen konnten, können aktuell pandemiebedingt keine Plätze für die Praxisphasen finden und realitätsnahe Praxiserfahrungen sammeln.</p>



<p>Daher bietet das Bildungszentrum der Wirtschaft im Unterwesergebiet e.V. (BWU) in Kooperation mit ausgewählten Unternehmen, digitale oder analoge (in Abhängigkeit von Angebot und Gesundheitsschutz) Informationsworkshops „Praxis erfahren“ für&nbsp;<strong>interessierte Schüler*innen&nbsp;</strong>der gymnasialen Oberstufe an. Eine wissenschaftliche Begleitung erfolgt durch die Projektpartner: ITB und IÖB. Grundlage ist ein Evaluationsdesign, das die Wirksamkeit der eingesetzten Maßnahmen über die Projektlaufzeit nachverfolgt</p>



<p>Gemeinsam mit Ihnen möchten wir „machbare“ Veranstaltungsangebote entwickeln und Ihnen</p>



<p>Im Rahmen Ihrer schulischen BO-Konzepte und BO-Aktivitäten als Unterstützungsangebote anbieten.</p>



<p><strong>Hier finden Sie unsere Angebote, Informationen, Termine, Kontaktdaten und Anmeldungsmöglichkeiten</strong>:</p>



<figure class="wp-block-embed is-type-wp-embed is-provider-bildungszentrum-der-wirtschaft-im-unterwesergebiet-e-v wp-block-embed-bildungszentrum-der-wirtschaft-im-unterwesergebiet-e-v"><div class="wp-block-embed__wrapper">
<blockquote class="wp-embedded-content" data-secret="OE7ePWrpUN"><a href="https://bwu-bremen.net/berufliche-orientierung-fuer-die-gymnasiale-oberstufe-bo-gyo/">Berufliche Orientierung für die Gymnasiale Oberstufe &#8211; BO GyO</a></blockquote><iframe loading="lazy" class="wp-embedded-content" sandbox="allow-scripts" security="restricted" style="position: absolute; clip: rect(1px, 1px, 1px, 1px);" title="&#8222;Berufliche Orientierung für die Gymnasiale Oberstufe &#8211; BO GyO&#8220; &#8212; Bildungszentrum der Wirtschaft im Unterwesergebiet e.V." src="https://bwu-bremen.net/berufliche-orientierung-fuer-die-gymnasiale-oberstufe-bo-gyo/embed/#?secret=OE7ePWrpUN" data-secret="OE7ePWrpUN" width="600" height="338" frameborder="0" marginwidth="0" marginheight="0" scrolling="no"></iframe>
</div></figure>



<p>Die Veranstaltung ist für Bremer/ Bremerhavener Schulen mit gymnasialer Oberstufe, der Sek II, kostenfrei.</p>



<p><strong>Fristen: Die Buchungen werden nach Eingang berücksichtigt. Buchungsfrist sind 2 Tage vor dem jeweiligen Veranstaltungsbeginn.</strong></p>



<p><strong>Datenschutz: </strong>Der Schutz Ihrer personenbezogenen Daten ist uns ein wichtiges Anliegen. Es gelten die Datenschutzbestimmungen gemäß der EU-Datenschutzgrundverordnung (DSGVO), dem Bundesdatenschutzgesetz (BDSG) und anderer gesetzlicher Regelungen (https://bwu-bremen.net/bo-gyo/Datenschutz). </p>



<p>Nach Eingang einer Anmeldung für eine Veranstaltung per E-Mail, wird zunächst der Eingang Ihrer Anmeldung per E-Mail bestätigt. Nachfolgend erhalten Sie umgehend eine schriftliche Anmeldebestätigung.</p>



<p>Anmeldedaten und weitere Informationen erhalten Sie zusammen mit der Buchungsbestätigung.</p>



<p><strong>Widerruf:</strong>&nbsp;Der Widerruf der Anmeldung muss schriftlich erfolgen. Eine Stornierung der Teilnahme an einer Veranstaltung ist bis 5 Tage vor dem jeweiligen Veranstaltungsbeginn</p>



<p>Die Unternehmen behalten sich den Wechsel von Dozenten*innen und/oder Verschiebungen bzw. Änderungen im Programmablauf vor. Muss eine Veranstaltung ausfallen werden Sie umgehend per E-Mail in Kenntnis gesetzt.</p>

<p>Praxisphasen-Unternehmensworkshops für Schüler*innen Zielgruppe:&nbsp;Interessierte Schüler*innen der gymnasiale Oberstufe Sek II in Bremen/ Bremerhaven Zielsetzung:&nbsp;Praxis- und unternehmensbezogene Vermittlung von Inhalten und Methoden ZUR Beruflichen Orientierung – Vorstellung regionaler Unternehmen und ihrer Ausbildungsgebote Junge Menschen beim Einstieg ins Berufsleben unterstützen, den Fachkräftenachwuchs der Wirtschaft sichern, Strukturen in der Beruflichen Orientierung und am Übergang Schule – Beruf optimieren</p></div>
<div class="blog-btn"><a href="https://www.bo-gyo-bremen.de/index.php/angebote-fuer-schueler-innen/" class="home-blog-btn">Weiterlesen</a></p>
